20?
18
Let w(p) = -p**3 + 10*p**2 - 11*p - 3. Let x be w(9). Let g = x - -59. Calculate the remainder when g is divided by 8.
6
Let v = -5 + 9. Suppose -24 = v*x - 100. What is the remainder when x is divided by (-4)/14 + 158/14?
8
Suppose -8*k - 2280 = -46*k. What is the remainder when 109 is divided by k?
49
Let m be (3 - 2)*0 - (-18 - -13). What is the remainder when (m/(-2) - -3)*(107 + 1) is divided by 20 + -1 + 1 + -1?
16
Let v = 641 + -625. Suppose 12 = 2*t - 6. What is the remainder when v is divided by t?
7
Suppose 8*z - 8 = 6*z. What is the remainder when 25 is divided by z?
1
Let a(x) = x**2 - 6*x - 7. Let d be a(11). Suppose -5*j - 3*j = -d. Calculate the remainder when 16 is divided by j.
4
Suppose -3*t + 3*s = -39, -s = -3*t - t + 52. Let o(u) = -u + 11. Let i be o(8). Suppose i*k - 255 = -2*k. What is the remainder when k is divided by t?
12
Let n = 34 - 17. Let h(s) = -s**3 - 13*s**2 - 48*s - 35. Calculate the remainder when h(-8) is divided by n.
12
Let n(u) be the third derivative of u**6/120 - u**5/15 + 5*u**4/24 - 2*u**3 + 44*u**2. What is the remainder when 147 is divided by n(5)?
33
Suppose 6*d = 25 + 29. Calculate the remainder when d is divided by 1.
0
Let c(m) = 125*m - 44. Let r be c(4). Let s = r - 217. What is the remainder when s is divided by 22?
19
Let m(r) = 8*r + 56. What is the remainder when 439 is divided by m(-2)?
39
Let z = -128 - -125. Suppose -1 = 2*s - 27. Let f = z + s. Calculate the remainder when 29 is divided by f.
9
Suppose -9*i = -i. Suppose -8*o + 5*o + 186 = i. Calculate the remainder when o is divided by 24.
14
Let w = 739 - 693. Calculate the remainder when 1055 is divided by w.
43
Let w = -670 + 709. Let d(h) = 2*h**2 - 4*h - 2. Let v be (9 + -1)/((-4)/(-2)). Calculate the remainder when w is divided by d(v).
11
Let i(j) = -4*j - 12. Let g be (-5)/(-15) - 40/(-6). Let b = g + -13. What is the remainder when 46 is divided by i(b)?
10
Suppose -36*k = -38*k - 54. Suppose -v = -2*v - 18. Let b = v - k. What is the remainder when 26 is divided by b?
8
Calculate the remainder when 79 is divided by (0 + -1)/((7/(-56))/1).
7
What is the remainder when (-15)/25 - (-4956)/60 is divided by 14?
12
Suppose -4*k + 0*k + 5*p = -15, -2*k - 2*p = -30. Calculate the remainder when k is divided by 6/36 + 17/6.
1
Calculate the remainder when -2 + -1 - (16 - 174) is divided by 12.
11
Calculate the remainder when (2 - (0 + 1)) + (-150 - -334) is divided by 64.
57
What is the remainder when 155 is divided by ((-45)/12 - -4)*244*1?
33
Suppose -2*z + 6 = 2*b, 3*b + 0*b - 3*z = -3. Calculate the remainder when b + (-1050)/(-8) + 27/36 is divided by 17.
14
Suppose -45*g - 2*g = -5922. What is the remainder when g is divided by 17?
7
Suppose 10*n + 3*n = 923. What is the remainder when n is divided by 43?
28
Suppose 2*w = -0*w + 3*p + 47, 3*w + 4*p - 96 = 0. What is the remainder when 33 is divided by 7/w + 67/4?
16
Suppose -u + 12 = -7*u. Calculate the remainder when 32 is divided by (-8 + -1 - -1)*3/u.
8
Suppose -y - 3*y + 24 = 0. Suppose -3*g + y*g = 411. What is the remainder when g is divided by 35?
32
Let h = 219 - 171. What is the remainder when h is divided by 13?
9
Let g(u) = -3*u + 3. Let q be g(3). Let s(v) be the first derivative of v**3/3 + 2*v**2 + 4*v - 263. Calculate the remainder when 47 is divided by s(q).
15
Let a be 7*1*(-2 - -1). Let w(y) be the first derivative of y**4/4 + 2*y**3 - 7*y**2/2 + 7*y - 37. Calculate the remainder when 24 is divided by w(a).
3
Let d be ((-5)/(-1))/((-2)/6). Let g be 429/d - (-3)/5. Let w = -12 - g. What is the remainder when 29 is divided by w?
13
Suppose -2*m + 3*x + 2*x + 296 = 0, -m + 2*x = -147. Suppose t = -a + 2*t + 24, -78 = -2*a - 4*t. What is the remainder when m is divided by a?
27
Suppose -6*g + 7*g = 2*o - 737, 2*o = -g + 735. What is the remainder when o is divided by 53?
50
Let s = 63 + -48. Let t(n) = -n + 47. Calculate the remainder when 63 is divided by t(s).
31
Let w = 23 + -9. Let o(p) = -p**2 - 2*p + 27. What is the remainder when o(0) is divided by 200/w - 18/63?
13
Suppose -5*c = -5*b, 5*c + 10 = 2*b + 4. Suppose 5*x = 154 + 6. Calculate the remainder when x is divided by -1 - (-7 + c - 3).
10
Suppose 2 = 8*b - 7*b. Suppose 4*o - 6 = b. Suppose -10 = -4*r + 3*s + 11, o*r = 3*s + 9. What is the remainder when 41 is divided by r?
5
Suppose -12*w + 25*w - 52 = 0. What is the remainder when 81 is divided by w?
1
Let h(j) be the second derivative of j**4/12 + j**3/2 + j**2 - 4*j. Let r be h(-5). Let i = 21 + r. Calculate the remainder when i is divided by 12.
9
Suppose m = 5, -d + 5*m = 3*d + 13. Calculate the remainder when 39 is divided by d.
0
Suppose -4*q - 3*p - 19 = q, -2*q = 2*p + 6. What is the remainder when q + (-228)/(-44) + 1602/22 is divided by 19?
16
Suppose 2*f + 105 = 7*f. What is the remainder when f is divided by (-28)/21*(0 - 3)?
1
Let z(w) = 2*w + 19. Suppose a - 61 - 11 = 0. Suppose -4*g + a - 22 = 2*l, -4*l - 56 = -5*g. What is the remainder when z(8) is divided by g?
11
Let r = -28 - -28. Suppose r = 10*d - 5*d - 85. What is the remainder when 81 is divided by d?
13
Suppose 4*i = -2*m + 14, m + 5*i = 2*i + 8. Suppose 4*s - m*h - 46 = 0, 2*s + s + 2*h - 23 = 0. What is the remainder when 26 is divided by s?
8
Suppose 5*f = -0*f - 4*c + 18, f + 3*c + 3 = 0. Suppose 2*k + 2*k = 1688. What is the remainder when k/f + 6/9 is divided by 18?
17
Let f = -589 - -625. Calculate the remainder when f is divided by 5.
1
Let c = 8 + -5. Suppose -3*t = -4*t + 4*x + 8, 0 = -4*t - 2*x + 32. Calculate the remainder when t is divided by -1 + 3 - (-4 + c).
2
Let j(h) = h**2 - 2*h + 3. Let p be j(2). Suppose -p*l = -5*b + 88, l + 0*b + 26 = b. Let g = l - -23. What is the remainder when g is divided by 2?
0
Let m be (-12)/(-8)*(-2)/(-1). Suppose -4*o - 111 + 35 = -3*w, m*w - 3*o - 78 = 0. Let p = -91 + 172. Calculate the remainder when p is divided by w.
25
What is the remainder when ((-272)/10)/(85/(-425)) is divided by 103?
33
Suppose 26*b = 9*b + 2023. Calculate the remainder when b is divided by 20.
19
Let g = 2653 + -2649. What is the remainder when 40 is divided by g?
0
Let g be ((-10)/8)/((-3)/24). Suppose -4*t = -g*t + 96. Suppose 2*n - t = 16. Calculate the remainder when 45 is divided by n.
13
Let g be 78/4 + (-3)/(-6). Calculate the remainder when 25/10*(-62)/(-5) is divided by 5/(75/12)*g.
15
Let g(s) = -26*s + 196. What is the remainder when 203 is divided by g(4)?
19
Suppose -o = 5*x - 180, 18 = x + 21. Calculate the remainder when o is divided by 15.
0
Calculate the remainder when (4 - -75 - -4)/(-9 - -10) is divided by 58.
25
Let a(f) = -f**2 - 3*f + 112. What is the remainder when 13 is divided by a(-12)?
1
Let m be (-546)/2 - (-2 + -1). Let v be (4/(-3))/(5/m). Suppose 0*f = -5*h - 3*f + v, 3*h = 3*f + 24. Calculate the remainder when 47 is divided by h.
11
Let f be (-2)/(4/(-408)*4). Suppose p - f = -3*u + 12, -p - 105 = -5*u. Let a = -6 + u. Calculate the remainder when 29 is divided by a.
14
Let w(l) = 3*l + 13. Calculate the remainder when 191 is divided by w(1).
15
Let c = 33 - 12. Calculate the remainder when 35 is divided by c.
14
Let h(i) = -19*i - 57. Let a be h(-15). Suppose -13*t + 9*t = -a. What is the remainder when t is divided by 30?
27
Let y(g) = 2 + 2 - 3*g + 0*g. Suppose a = -4*a - 15. Calculate the remainder when y(a) is divided by 7.
6
Let a be 14 + 3/(6/4). Suppose 5*t + 31 = x + 2*t, -a = 4*t. Calculate the remainder when x is divided by 6.
1
Let r be (20/(-50))/((-2)/1180). Suppose 6*v - 208 - r = 0. What is the remainder when v is divided by 26?
22
Suppose -4*m - x = -267, -121 = -m - m - 3*x. Let z(k) = -4*k - 2. Calculate the remainder when m/(-6)*(-18)/12 is divided by z(-2).
5
Let m be 1*9*(-22)/(-33). Suppose -4*b - 2*a + 292 = 0, -m*a + 3*a + 6 = 0. Calculate the remainder when b is divided by 19.
15
Suppose -13*p + 11*p + 5*y = -122, 2 = y. Calculate the remainder when p is divided by 27.
12
Let v = -12 + 15. Suppose v*h + 6 = -3*i, 0 = i + i + 3*h + 9. Suppose 0 = -7*m + i*m + 308. Calculate the remainder when m is divided by 20.
17
What is the remainder when 64 is divided by 31 - ((-1)/(-1) - -2)?
8
Suppose 1634 = -58*d + 45598. Calculate the remainder when d is divided by 38.
36
Let t(r) = 4*r +